
6
Let c(n) = 4*n - 6. Let v be c(5). Calculate the greatest common divisor of v and 98.
14
Let m(b) = -2*b - 1. Let a be -1*1/((-2)/(-12)). Let t be m(a). Let f be (-4 - t)*(-10)/3. What is the highest common factor of f and 10?
10
Let f be 1 - (44 - 1)*-1. Suppose 4*t + l - 44 = 0, 3*t + 3*l = 6*t - 33. Calculate the highest common factor of f and t.
11
Suppose -9 = -5*f - 4. Let b(z) = -8*z - 2. Let r be b(3). Let i = -18 - r. What is the highest common factor of f and i?
1
Let z be ((-18)/8)/(1/(-4)). What is the greatest common factor of 9 and z?
9
Let k be (3/(-6))/((-3)/12). Let z be k/6 + 14/3. What is the greatest common divisor of 40 and z?
5
Suppose 0 = n - j - 25, -j - 68 - 26 = -4*n. Suppose -14*o = -10*o - 920. Calculate the highest common factor of n and o.
23
Let b be 4022/14 - (-14)/(-49). What is the highest common divisor of 41 and b?
41
Suppose -5*g + 4*y = 12 - 107, -4*g - y + 97 = 0. What is the greatest common factor of 46 and g?
23
Let m be 1/(-24)*-4 + 2506/12. What is the highest common factor of 19 and m?
19
Suppose -p + 4*t = -2*p + 14, -2*t + 34 = -4*p. Let d(i) = -2*i + 34. Let c be d(17). Let b be (-3)/p*c + 4. What is the highest common divisor of 2 and b?
2
Suppose 3*c - 4*c = -2. Let r be ((c + -1)*-1)/(-1). Let t = 13 + -8. Calculate the highest common divisor of t and r.
1
Let h = -12 - -29. Calculate the highest common factor of 34 and h.
17
Let m = 107 + -74. Let h(y) = -y**2 - 11*y - 6. Let s = -11 - -7. Let q be h(s). What is the highest common factor of q and m?
11
Let q be (-3)/2*(-4)/3. Let u be (-3 - -1) + q + 2. Calculate the highest common factor of 2 and u.
2
Let d be 4/(100/5) + 68/10. What is the greatest common factor of 77 and d?
7
Let d = -31 + 45. What is the highest common divisor of d and 14?
14
Suppose 4*w + 6 = -2*x + 3*x, 0 = -2*x + 4*w. Let i(f) = f**2 + 6*f + 4. Let m be i(x). Calculate the greatest common divisor of 16 and m.
4
Suppose 5*y + 47 = -3*d + 132, 2*d = 3*y - 70. Let s(g) = 2*g - 2. Let f be s(6). Calculate the greatest common factor of y and f.
10
Let u(a) = a**3 - 11*a**2 - 6*a + 3. Let o be u(12). What is the greatest common divisor of o and 50?
25
Suppose 0 = 2*n - n - 3. Suppose -2*u + 2*f + 6700 = n*u, 3*u - 3999 = -3*f. Let d be (-2)/(-4) - u/(-12). What is the greatest common divisor of 16 and d?
16
Suppose 5*l - 64 = 971. What is the highest common divisor of 23 and l?
23
Let k(a) = 5 + 2*a**2 - 8*a - 3*a**2 - 3. Let l be k(-7). Let h = -30 - -75. What is the highest common divisor of h and l?
9
Suppose -215 - 25 = -5*g. Suppose 0 = 2*h + h + g. Let o be 9/6*h/(-6). Calculate the highest common factor of o and 8.
4
Suppose 0 = -4*v + 98 + 34. What is the greatest common divisor of v and 11?
11
Suppose 3*y - 53 - 43 = 0. Let v = -14 + y. Calculate the highest common divisor of v and 9.
9
Let v = 235 - 131. Let y(i) = 3*i - 8. Let r be y(7). What is the greatest common divisor of r and v?
13
Suppose -k - 5*k - 12 = 0. Let y be 72/6*k/(-6). Calculate the highest common factor of y and 2.
2
Let w = 96 - 5. Calculate the greatest common factor of w and 13.
13
Let n be (10*-6)/(-4) - 4. Let q = 419 - 298. Calculate the greatest common divisor of q and n.
11
Let k(d) = d - 2. Let i be k(-4). Let c be (45/(-25))/(i/20). Calculate the highest common divisor of 48 and c.
6
Let o be 2/4 - 37/(-2). Let g be 4/(-12) + 344/6. Calculate the highest common factor of o and g.
19
Suppose t = -2*t + 45. Suppose 5*v = 2*h - 25, 5*h - 28 = -0*h + v. Calculate the highest common factor of h and t.
5
Suppose 5*o - 50 = 10. Calculate the highest common factor of o and 36.
12
Let l be (14 - 15)/((-2)/4). Let y be (7 - 0/3)*l. Calculate the greatest common factor of 126 and y.
14
Let g be 2/(-6) + 150/18. What is the highest common factor of g and 24?
8
Suppose -3*q = -q + h - 115, q - 45 = -3*h. Let t = -22 + 42. Calculate the greatest common factor of q and t.
20
Suppose 4*c + 7 + 9 = 0. Suppose -3*f - 17 + 41 = 0. Let g = f + c. Calculate the greatest common factor of g and 16.
4
Let u(a) = 13*a - 1. Let o be u(6). What is the greatest common factor of 11 and o?
11
Suppose 4*h - 35 = -3*c, -5*c + 0*c - 5*h = -55. Calculate the highest common factor of c and 63.
9
Let y be -2 - (-2 + 4) - -40. Let f be 8/36 - (-460)/y. Calculate the highest common divisor of 26 and f.
13
Let g = -24 + 88. Let v = 42 - 34. Calculate the greatest common divisor of g and v.
8
Let b(a) = -36*a - 13. Let k be b(-8). Calculate the greatest common factor of 25 and k.
25
Let s = -20 + 22. Calculate the greatest common divisor of 16 and s.
2
Suppose 2 = m - 0*m. Suppose -3*t = m*l + 2*t - 48, -72 = -3*l - 3*t. What is the highest common divisor of 12 and l?
12
Let t(i) = i**2 - 6*i - 6. Let y be t(7). Let k = y + 3. Let m(f) = -7*f - 88. Let s be m(-14). Calculate the highest common divisor of k and s.
2
Let x be (4/(-5))/(4/(-10)). Let g be 58/8 + (-171)/(-228). What is the greatest common divisor of x and g?
2
Let j(k) = 2*k**3 + 7*k**2 - 5*k - 3. Let i be j(4). Suppose 5*x - i - 58 = 0. Calculate the highest common divisor of x and 5.
5
Suppose -4*z - 10 = -6*z. Let r = 1 + 3. Suppose -33 = -z*w + r*w. Calculate the greatest common factor of w and 11.
11
Suppose 0 = 3*m - 2*r + 4*r - 16, 0 = -3*m + 3*r + 21. Suppose -f - 1110 = -m*f. Let k be f/27 + (-2)/9. What is the greatest common factor of 24 and k?
8
Suppose 4*a + a = 50. Let s be (-1 - 1) + -1 + 13. What is the greatest common factor of a and s?
10
Suppose 4*t - t - 6 = 0. Suppose -126 = -3*l - d + t*d, -5*l + d + 210 = 0. What is the highest common factor of 7 and l?
7
Let d be (-2)/(-12)*3*34. What is the greatest common divisor of d and 51?
17
Let o(w) = w**2 + 4. Let z be o(3). What is the highest common divisor of z and 52?
13
Suppose 52*g - 56*g = -120. Calculate the highest common factor of g and 105.
15
Let i(c) = -10*c**3 + c + 1. Let w be i(-1). Let o(j) = -7*j**3 + 3*j. Let u be o(-3). Suppose 0 = -b + 4*b - u. What is the highest common factor of b and w?
10
Let n = 5 - 5. Suppose -5*m + 15 = 0, k + n*m = 5*m. What is the highest common factor of 15 and k?
15
Let u be 1/((0 - 1)*1). Let v be u/((-12)/(-3))*-4. Calculate the highest common divisor of v and 1.
1
Let b be 4/(-2) + 1/1. Let o be (26/(-13))/(b/12). What is the greatest common factor of o and 216?
24
Let q(r) = -r**3 - 8*r**2 - 11*r - 8. Let t be q(-7). What is the highest common factor of 140 and t?
20
Suppose 0 = -3*n - 15 + 27. What is the highest common divisor of n and 20?
4
Let g be (-24)/(-10)*(1 - 6). Let x = g - -17. Let i be 207/15 - (-1)/x. Calculate the greatest common divisor of 35 and i.
7
Suppose -3*m - 18 = -h, 2*h - 11 = 4*m - 3*m. Suppose -h*z + 40 = -32. Calculate the highest common divisor of 24 and z.
24
Let t(y) = 6*y + 5. Let r be t(5). Suppose -5*z + 110 = 85. Calculate the greatest common divisor of r and z.
5
Let i = 33 - 23. Calculate the highest common factor of 170 and i.
10
Let h = -40 + 56. What is the greatest common factor of h and 8?
8
Let j = 260 + -84. Calculate the greatest common factor of 16 and j.
16
Let z(v) = -5*v + 4. Let h be z(4). Let f be (162/(-8))/(6/h). Suppose -4*b - 4 = -28. Calculate the greatest common divisor of f and b.
6
Let b(r) = -7*r**3 + r**2 + r + 1. Let h be b(-1). Suppose 6*g + h = k + 3*g, -4*k = 2*g - 60. What is the greatest common divisor of 42 and k?
14
Let n = -33 - -243. Calculate the highest common factor of 30 and n.
30
Let v(u) be the third derivative of u**5/6 + 5*u**4/24 + 5*u**3/6 + 6*u**2. Let x be v(-2). Let d = 31 - 17. Calculate the highest common factor of x and d.
7
Let h be 29/3 + (-4)/(-12). Suppose -4*v + 3*v = -h. What is the greatest common divisor of v and 2?
2
Let m be (1 + (1 - 2))/2. Suppose -2*h + 3*n + 35 = m, 5*h - 26 = -5*n + 124. What is the greatest common factor of 175 and h?
25
Suppose 3*u - u = 6. Suppose u*g - 6 = g. Suppose 10*p = 5*p + 2*f + 20, -g*p + 26 = -4*f. Calculate the greatest common divisor of p and 5.
1
Let d be (-22)/(-6) + 4/(-6). Suppose 0*r + 2*s - 42 = -3*r, 5*s = r + d. Calculate the highest common divisor of 8 and r.
4
Let l be 18 - 4/8*0. Let z be 4/l + (-133)/(-9). What is the highest common divisor of z and 5?
5
Suppose d + 3*d = 16. Suppose -297 = g - d